2
Calculate -50 - (-8 - (-54 + 50)).
-46
What is -61 - (-104 + 46) - (-1 + -6)?
4
Evaluate 5 + (-46 + -1 + 13 - -1 - 3).
-31
Calculate (88 - (-63 + 139)) + 1 + -27 + -1 + 11.
-4
Calculate -305 + 296 - (0 - -2 - (-2 - 0)).
-13
Evaluate 45 - (34 - -4) - (-14 - -7 - -118 - -6).
-110
What is the value of 1 - (-4 - (3 - 13) - 78) - (-37 - -33)?
77
What is the value of (-5 - (-40 + (-6 - (4 + -10)) - -3)) + -7?
25
Calculate 197 + (-161 - -117) - 43.
110
-52 - (38 - (63 - -49))
22
What is the value of 2 + (-40 - (-3 - (-8 + -7 + 17)))?
-33
What is 33 + (-41 - (-54 + 37))?
9
What is (-80 - -65) + 6 + -10 + -6?
-25
What is (6 - 35 - -8) + 93 + -32?
40
Calculate (4 - 3 - (-13 + 15 + -121)) + -13 + -10.
97
What is the value of 2 + 4 - 11 - (-72 - -52)?
15
Calculate 2 + -20 - (-15 - (-1 - -21)).
17
What is the value of (249 - 167 - -73) + -218?
-63
-9 + -14 + 9 + 57 + (6 - -8 - 4)
53
Calculate 197 + -38 + -137 - ((2 - -16) + -2).
6
(-73 - 3) + (-30 + -12 - -79)
-39
Calculate -415 + 441 - (-7 + 6 + -29).
56
Evaluate -51 - (4 - -2) - (8 - (11 + 20) - -7).
-41
What is the value of (6 - -70) + -430 + 381?
27
Evaluate -67 - (1 + (15 - 51)).
-32
11 + -11 - ((4 - -6 - 10) + 9 + -1)
-8
Evaluate -1 + -18 - (39 - -77 - 98).
-37
Calculate (10 + (-20 - -24) - 8) + 33 + (-1 - 2).
36
What is the value of -71 - 1 - (3675 + -3622)?
-125
-24 + -99 + -6 + 70
-59
97 - 3 - (-65 + 197 - 129)
91
What is the value of (-2 - -5 - 3) + -1 + 61 - (632 - 632)?
60
Calculate (-40 - (-37 - -11)) + (4 - -17) + 36.
43
What is 7 - 1 - (284 + (91 - 284))?
-85
(-24 - (-13 - (8 + -12))) + 20
5
Evaluate (2 - -2) + -4 + -13 - (8 + -55 - 25).
59
What is the value of (-174 - -243 - -81) + 2 + -39?
113
Calculate 26 - (-18 + 9 + (5 - (-5 + -1) - 5)).
29
Calculate -24 - (94 + -134) - -78.
94
29 - 53 - -55 - (-114 - -5)
140
What is -1 + (0 - -6) + -1 + 0 + 66 + -5?
65
49 - (9 - (3 + 14 - 11))
46
Evaluate (36 - (-36 + 57)) + (56 - (-1 + -2)).
74
What is the value of -1 + (12 - 26) + 7 + 39 + (-12 - -9)?
28
-3 + (2 - 5) + -37 + 6 + 108 + -41
30
38 - -10 - (9 - -26 - 11)
24
-38 + -17 + -14 + 25 + 3
-41
What is the value of (-1281 - -1290) + (0 - -14 - 7)?
16
What is the value of (1 - 0 - (-47 + 21 + 18 + 3)) + -13?
-7
What is (-164 + 146 - (-11 - 1)) + -43 - -1?
-48
Evaluate -21 + 5 + -7 + (-7 - -10) + (2 - 4).
-22
Evaluate -271 + 273 + -5 + 2 + 5.
4
What is -75 + 109 - -28 - 90?
-28
Calculate 46 - -1 - ((12 - (24 + 7)) + 34).
32
What is -5 + (-17 - -7) - (-3 + 1 + -15)?
2
What is the value of (-36 - (-25 + -17)) + (1 - -5) - 24?
-12
What is the value of (14 - (6 + 3 - (108 + -114))) + -55 + -1?
-57
Calculate (16 - -42) + -76 - -87.
69
What is the value of 5 - (12 + -12 - -7) - (24 + 16)?
-42
Evaluate 1 - (25 - 1) - (-1496 + 1484).
-11
Calculate -3 - -1 - (115 - 126 - (1 + 0)).
10
Calculate 10 + 111 + (-1209 - -1161).
73
Evaluate -12 + -3 + 3 + 28 + (-12 - 17).
-13
(-32 - 1) + 849 + -829 + (-92 - (0 - 0))
-105
Evaluate -95 + 0 + (5417 - 5374).
-52
Evaluate 45 - (188 - 136 - 80).
73
What is -33 + 1 - (5017 - 5035)?
-14
Calculate (28 - (20 - -2)) + -9 + 68 + 1 + 11.
77
Calculate 0 + (-166 - -63 - -111) + (-28 - (2 - 0)).
-22
Evaluate 27 + -24 + 40 + -60.
-17
Calculate (-1 + 1 - 2) + (-2626 - -2635).
7
Calculate 1 + (-309 + 254 + (6 - 1) - -1).
-48
What is the value of 7 + (-8 - (18 + -10 - -9)) + (-1 - 0)?
-19
What is the value of (-22 - -1) + (23 - 36) + 24?
-10
Evaluate (81 - 60 - (5 + -2 + 5)) + -6 + 9.
16
Evaluate (2 - 35 - (-368 - -324)) + (104 - 0).
115
What is 2 - (-42 - (1 - -6))?
51
Calculate 7 + 7 + 31 + -172 + 207.
80
Evaluate 36 - (7 + (2 - (-1 - -8)) + -4).
38
What is 1 + (2 - -1) - (-24 + -6 + 49)?
-15
What is the value of 0 + 11 - (-102 - -55 - 13)?
71
What is the value of (-27 + (33 - 38) - -29) + 36?
33
Evaluate (-7 - (28 + -35 + 10)) + -27.
-37
What is the value of (46 - (0 - 8)) + (67 - 77)?
44
What is the value of -188 - (142 + (140 - 361))?
-109
What is the value of -9 + -71 + (13 + -13 - ((-4 - 9) + 14))?
-81
What is the value of 18 + -47 + -116 - -75?
-70
Evaluate 5 + (33 + -2 - 32) + 54 + -2.
56
What is -199 + (82 + 126 - 114)?
-105
What is 54 - (54 + (14 - -34))?
-48
What is (362 - 367) + (0 - 65 - (4 - 8))?
-66
67 + -28 + -22 - -24
41
Evaluate -96 - (-112 + (25 - -49)).
-58
Calculate 1 + (11 - 0 - (836 + -815)).
-9
Evaluate -14 - -1 - (-173 + 156) - 1.
3
What is -8 + -2 + 0 + (1559 + -1595 - (-91 - -1))?
44
What is (-2 - -17) + -78 + 47 + -28?
-44
What is -4 + 11 - -18 - (1 + -14)?
38
Calculate (4 - -4 - 7) + (-23 - -19) - 25.
-28
What is the value of (-4 - -17) + 6 + -25 + -13 + 6 - -96?
83
11 + 38 + (-22 - 53) + 10 + -2
-18
Evaluate (-2 - (25 - (23 + -13))) + 212 + -62.
133
(-46 + -2 - -24) + 8 + 116
100
What is the value of -5 + (4 - 19) + 8 - -18?
6
Evaluate (-92 - -70) + -1 - -37.
14
What is 1 + 1 + -19 - (-73 - -70 - -14)?
-28
Calculate (3 + -14 - 2) + (-2 + 1 - -3).
-11
What is the value of -27 + 1 + (3248 - 3251)?
-29
Evaluate (235 - 228) + 2 + 7.
16
Evaluate 5 + (-13 - -102 - 19 - 21).
54
What is the value of 26 - 23 - (-18 + 2) - -5 - (6 + 0)?
18
What is -8 - 17 - (-2 + (2 - -17) + (283 - 297))?
-28
What is the value of 340 - 287 - (3 + (-4 - -7) + 1)?
46
-19 + 2 - (-100 + (-29 - (-82 + 14)))
44
Evaluate 81 - (-47 + 25 + 64).
39
What is the value of -1 + -4 + 9 + 53 + -98?
-41
35 + (-65 - -82 - 10)
42
What is the value of -21 - -39 - 16 - 37 - -73?
38
Calculate 20 - (-6 - ((-1 - -13 - 4) + -13)).
21
Evaluate -14 + -2 + (-458 - -480) - 25.
-19
Evaluate (-46 - -48) + (4 - (-10 - -16) - -46).
46
(-5 - 35) + (-15 - (-43 + 8)) + -19
-39
What is the value of 72 - ((-2 - -5) + 11) - (2 - (1 - -9))?
66
Calculate -8 + (11 + (12 - 25) - -16) + -4.
2
-14 + 13 + (16 - (14 - -12)) - 46
-57
What is 1 + (95 - 0 - (5 - -9 - 40))?
122
What is (70 - 81) + -2 + 8 + -3 + 14 + 11?
17
2632 - 2496 - (2 + 55)
79
Calculate (7 - 0) + 8 + (-2 - (-14 + -1)) + -15.
13
What is the value of 3 - 48 - (703 - 770)?
22
Evaluate (20 - 9) + -9 + 8 - (-10 + 10 - -9).
1
Evaluate 101 - (345 + -21) - -125.
-98
14 + (-55 - (14 + -13 + -3 - -10))
-49
What is (1 - -94 - 1) + (51 - (145 - 80))?
80
9 + (27 - (60 + (15 - 23)))
-16
-61 + (-110 - -6) + 65
-100
What is 29 + 52 + -78 + -16 + 26?
13
Evaluate -170 - -173 - (5 + -30 + 4 - -6).
18
What is 7 - 1 - (5027 + -5086 + (-21 - 1))?
87
What is 1905 - 1942 - (-47 - -1)?
9
Calculate (-4 - 0) + (-78 + 76 - (-14 + 2)) + -15.
-9
1 + -2 - ((0 - 6) + (-6 - -22))
-11
What is the value of (-40 - 1) + (-457 - -460)?
-38
Evaluate -55 + (87 - (134 + -84)).
-18
0 - -6 - (2 + ((-18 - -39) + -11 - -62))
-68
78 - 80 - 36 - -57
19
Calculate 34 - (97 - 182) - 184.
-65
Evaluate -47 - (-15 - 40) - 19.
-11
What is (4 - (7 - 2)) + 8 - 20 - -47?
34
Calculate -26 - ((-20 + -3 + 13 - 1) + -11 + 23).
-27
Calculate -68 - (-51 + (95 - 39) + -15).
-58
What is the value of -18 + -33 + 36 + 31?
16
What is 21 - 3 - (-5 + 17 + 1 + 168 + -166)?
3
-19 + 15 + 10 + -14 + (-48 - 0)
-56
What is (112 + (12 - 15) - 38) + -33?
38
18 + (22 + 1 + -3 - (392 + -461))
107
Evaluate 6 + -1 + (316 + -234 - 93).
-6
Calculate ((8 - 8) + -3 - -6) + (-66 + -10 - -6).
-67
What is -399 + 320 - (0 + 11)?
-90
-24 + (-14 - 0 - -11 - -63)
36
((9 - 44) + (-4 - -13) - 3) + -9
-38
Evaluate 1 - (-6 - (19 - 15 - 16)) - 33.
-38
What is the value of (-110 - -38 - -221) + -5 + -15?
129
What is 22 + (21 + -1 - (24 - 13)) - -10?
41
What is 2 + -1 + (35 + 9 + 16 - 21) - -7?
47
Calculate 36 - (-36 - (-32 - (3 + 6))).
31
Evaluate -47 + 136 + -37 + -29.
23
What is 12 + 43 + -19 - (-4 + (-8 - -16))?
32
Calculate 101 + (-49 + 18 - 86).
-16
(-1 + -4 + 3 - -46) + 4 + -10 + 0
38
Calculate 30 - (-23 - -11) - 4.
38
54 - (-7 + 88 + 6)
-33
Evaluate (21 - 17) + 101 - (17 + -10).
98
Calculate 4 - (121 + 2 - (9 + 28 + -22)).
-104
Evaluate 3 + -25 - (-345 - -243).
80
Evaluate -34 - (-21 - (103 + -22)).
68
What is the value of 8 + 16 + 14 - (343 - 151)?
-154
Evaluate 26 - (-96 + 52) - 56.
14
What is the value of -9 + (10 - 4 - -14) - (-38 + 58)?
-9
Calculate 60 - 44 - (-1 - (8 - -38 - 5)).
58
Calculate (-479 - -522) + (-2 - 26).
15
What is 0 - -135 - (-9006 + 9044)?
97
Evaluate (3 - (-8 - -16)) + -8 + 28 + 5 + 3.
23
Calculate (-432 - -481) + (-52 - -8).
5
Evaluate 71 + (-3 - -2) - (23 + (-7 - -16 - 34)).
72
What is the value of 0 + (-11 - 5) - (3